 Let w(g) = -28*g**2 + 6*g + 5. Calculate w(s).
-29
Let m(k) = -2*k + 10. Let h(b) = 2*b + 13. Suppose 11 + 9 = -5*g - 4*d, -4*g = -2*d + 16. Let z be h(g). Give m(z).
0
Suppose 15*a = 12*a - 135. Let g be (-9)/(a/(-20)) - 1. Let m be (-2 - (-4)/1) + g. Let h(t) = -t**2 + t + 1. Give h(m).
-11
Let w(n) = -n**3 - 9*n**2 - 9*n + 5. Let b be (45/(3/(-1)))/(-3). Suppose 3*t - 26 = 4*h + 5*t, 0 = h + t + b. Give w(h).
13
Let f(t) = -t**2 - 4*t + 4. Let c = -26 + 28. Suppose 4*x + 42 = c*l, -2*x + l + 3*l = 36. Determine f(x).
-28
Let k(w) = 598383*w - 598376*w + 53 + 146. Give k(-28).
3
Suppose -10 = 3*t + 2*t. Let q(d) = -31*d - 12. Let i(g) = 66*g + 25. Let r(h) = 10*i(h) + 21*q(h). Determine r(t).
-20
Let a(d) be the third derivative of -d**4/12 + 4*d**3/3 - 2*d**2. Let h(c) = -2*c**2 + 8*c + 4. Let p be h(6). Let j = -14 - p. Calculate a(j).
-4
Let k(n) be the third derivative of n**6/120 + n**5/15 - n**4/12 - 2*n**3/3 + 64826*n**2. Let i(f) = f**2 - 10*f + 12. Let r be i(8). Give k(r).
4
Let x(l) = -5*l - 59. Let n be x(-14). Suppose 32*z = n*z + 147. Let k(c) be the second derivative of -c**5/20 + 7*c**4/12 + c**3/6 - c. Calculate k(z).
7
Let h(u) = -10*u + 14. Let f be 48/(-20)*315/126. Calculate h(f).
74
Let t(n) = n**2 + n - 1. Let u(d) = 14*d**2 + 14*d - 12. Let z(w) = 12*t(w) - u(w). Suppose r = -g - 39, -3*r + 177 = -3*g - g. Let a = g - -40. Give z(a).
-4
Let f(a) = 22*a**3 + a**2 + a + 1. Let i be (5 - -1) + (-30 - -27). Suppose -i*b + 1 = 4. Give f(b).
-21
Let s(v) = 3*v**2 - 2*v - 7. Suppose 0 = 14*j - 27*j + 364. Let x be 4 - 7/j*4. What is s(x)?
14
Let n be 272/10 - 2/10. Let h(r) = r**3 - 12*r**2 + 11*r + 5. Let d be h(11). Suppose 0*t + 4*t = 5*o + n, -d*o - 24 = -3*t. Let i(v) = 4*v + 2. What is i(t)?
14
Let d(j) = 613*j + 6746. Let c be d(-11). Let s(r) = r**2 + 71*r - 215. Determine s(c).
7
Let t(d) = -2*d**2 - 32*d + 109. Suppose 3*s + 3*x + 42 = 0, -17 - 15 = 3*s + 5*x. Give t(s).
-5
Let t(o) = o**2 - 17*o - 16. Let y be t(18). Suppose y*c - 19 = -15. Let u(p) = -c + 10*p - 11*p - 1. Determine u(-6).
3
Let c(i) = 4*i + 1. Let q(l) = -l**2 + 30*l - 13. Let g be q(19). Suppose 11*n - 552 = g. Let h = -66 + n. Give c(h).
9
Suppose -5*u + 2700 = 4*u. Let i be 2/(-20) - (-330)/u. Let r(d) = 11*d**2 - d. What is r(i)?
10
Let k(j) = j**2 + 12*j + 2. Suppose 3665*s = 3666*s - 3. What is k(s)?
47
Let x(c) = -c**3 + 8*c**2 - 5. Let z(i) = -i**2 + 19*i - 40. Suppose 70 = -4*s - b - 97, -5*s = -b + 211. Let h = 58 + s. Let d be z(h). What is x(d)?
-5
Suppose -69133*i = -69149*i + 64. Let p(b) = 6*b - 39. Determine p(i).
-15
Let g(d) = -5*d**2 - 9*d + 17 + 5*d + 0*d. Suppose 9 = -4*u + 41. Let c(l) = -2*l**2 - l + 6. Let t(z) = u*c(z) - 3*g(z). What is t(4)?
-3
Let m(u) = -u**3 - 4*u**2 - 5*u - 2. Let s(v) = -12*v**2 + 4*v + 2*v**3 + 1 + 5*v - 8*v. Let n be s(6). Suppose -n*z = -13*z - 24. What is m(z)?
18
Let j(y) be the third derivative of 0*y - 7/2*y**3 + 91*y**2 + 0 - 1/60*y**5 - 7/12*y**4. Determine j(-12).
3
Let v(h) = -2*h**2 + 21*h + 5. Let a be 27 - (8 + (-2 - -10)). What is v(a)?
-6
Let a be (13 - 19)*(-4)/6. Suppose -a*r + 88 = 112. Let i(t) = -t - 9. Determine i(r).
-3
Let a(z) = z**3 - 21*z**2 + 48*z - 188. Let n be a(19). Let q(v) = -2*v**2 + 7*v - 16. What is q(n)?
-10
Let b(s) = -2*s + 14. Let r(c) = 8*c**2 + 8*c + 8. Let w be r(-3). Let p(m) = 3*m - 179. Let n be p(w). Give b(n).
36
Let l(w) = 28*w - 531. Let y be l(19). Let f(b) = -32*b**2 + 6*b - 5. Calculate f(y).
-31
Let d(m) = 2 - 1064*m**2 - 2*m + 4 + 1065*m**2 + 9*m - 2*m. Determine d(-2).
0
Let v(f) = 4*f**3 - 2*f**2 + 2*f - 1. Let z be (-1781)/(-685) - 28/5. Let s be -3 + (0 + -1)*-1. Let w = s - z. Determine v(w).
3
Let j = -52 - -55. Let m(t) = 26 + 7*t**2 + t**j - 36 - 2*t**3. Let z(d) = 2*d - 13. Let u be z(10). Determine m(u).
-10
Let g(p) be the first derivative of p**3/3 + 9*p**2/2 - 12*p + 1792. What is g(-11)?
10
Let a(n) = -5*n + 21. Let h(i) be the first derivative of 3*i - 71. Let w(r) = -a(r) + 6*h(r). Calculate w(5).
22
Let o(t) = 9*t**2 + 35*t + 24*t - 8*t**2 + 32*t + 2 - 85*t. Calculate o(0).
2
Suppose -76 = -6*f - 46. Let o(q) be the third derivative of -q**5/60 + q**4/4 - 11*q**3/6 + q**2. What is o(f)?
-6
Suppose 7*i = -i. Let c = i - -5. Suppose c*n + 11 = -14. Let r(j) = -j**2 - 11*j. Give r(n).
30
Let d be (1/(-3))/(40/30 - 7 - 1). Let h(c) be the second derivative of 18*c - 1/2*c**3 + 0 + 5/12*c**4 + d*c**5 + 3/2*c**2. Determine h(-6).
-15
Let s(a) be the third derivative of -17*a**4/12 - a**3/2 + 1747*a**2. What is s(-1)?
31
Let t(p) be the second derivative of p**4/12 - p**3/6 - 10*p**2 - 3488*p. Determine t(5).
0
Let f(j) = 76*j + 7. Let v(c) = 195*c + 18. Let g(w) = 18*f(w) - 7*v(w). Suppose 0 = -3*b - 2*t + 9, -3*b + 5*t = 2*b - 40. Let n = 8 - b. What is g(n)?
9
Suppose -29*l + 1605 + 976 = 0. Let i(j) = -l - 84 - 4*j + 172 + j**2. What is i(6)?
11
Let o(j) = 7*j + 90. Let q(k) = -2*k - 16. Let g(u) = o(u) + 4*q(u). What is g(19)?
7
Let n = 59 + -63. Let p(t) be the first derivative of t**4/12 + t**3/2 - 2*t**2 - 9*t + 16. Let x(l) be the first derivative of p(l). Determine x(n).
0
Suppose -67*i = -60*i + 63 + 7. Let p(o) = -o + 21. Calculate p(i).
31
Let v(r) = r**2 - 7*r - 1. Suppose 5*d = -5*n + 30, 3*n - 3*d = 2 + 4. Suppose n*w - 8 = 6*w. Let f be (((-56)/(-21))/4)/(w/(-30)). What is v(f)?
-11
Let c(w) be the third derivative of w**6/120 + 2*w**5/15 + 5*w**4/24 + w**3 + 5*w**2 - w + 5. What is c(-7)?
20
Let f(o) be the third derivative of o**6/120 + 2*o**5/15 - 3*o**4/8 + o**2. Suppose -6*n = -230 + 284. Give f(n).
0
Let k(z) = -3*z**3 + z**2. Let s(l) = 54*l + 268. Let g be s(-5). Calculate k(g).
28
Let d(b) = 9*b - 5*b + 23*b**2 - 10 - 7*b - 21*b**2 + b**3. What is d(-2)?
-4
Let w(y) = -2*y**2 + 9*y - 5. Let l be w(2). Let f(z) = -3*z - 1450 + 1450 + 2*z. Give f(l).
-5
Suppose 0 = 137*d - 136*d - 10. Let k(y) = -2*y + 41. Calculate k(d).
21
Let y(h) = -h**3 - 5*h**2 + 10*h + 44. Suppose 3*p - 4*m - 23 = -30, -3*p = 3*m + 21. Determine y(p).
-6
Let g(p) = -89*p - 32. Let n(o) = -252*o - 94. Let i(j) = -17*g(j) + 6*n(j). Calculate i(-3).
-23
Let k(i) = 3*i + 1. Let t be (-6)/48*4 + (-2)/(-4). Let p be (1 + t)*(4 - 3)*-1. What is k(p)?
-2
Let k(p) = -p**2 - 5*p + 231. Let h = -604 + 617. Give k(h).
-3
Let z(j) = 6*j**2 - j + 1. Let c = 8 + -7. Let d be z(c). Let r(n) = n**2 - 1. Let f(v) = -7*v**2 + 9*v - 2. Let k(x) = f(x) + 6*r(x). Determine k(d).
10
Let i(l) = l**3 - 41*l**2 - 42*l + 1. Let z be i(42). Let u(o) = -15*o + 8*o + 12*o - z + 3. Calculate u(-2).
-8
Suppose -6*c - 1833 = -453. Let q = -223 - c. Let h(u) = -2*u + 2. What is h(q)?
-12
Suppose 11*w = -110 - 187. Let x be 198/w*(-9)/(-6). Let p(v) = v + 6. Give p(x).
-5
Suppose 2*p - p + 2*c = 0, 3*p + 3*c + 9 = 0. Suppose 9 = 2*k - 15. Let u(s) = 6*s + 5*s + s**2 - 1 + 7*s - k*s. Give u(p).
-1
Let o(t) = -128*t**3 - 66*t**2 + 15*t - 4. Let m(a) = 129*a**3 + 55*a**2 - 12*a + 4. Let g(c) = 6*m(c) + 5*o(c). What is g(-1)?
-133
Let h(i) = 2*i**3 + i - 1. Let m(x) = x**2 + 7 - 3 + x - 3 - 9*x. Let y = -457 - -465. Let z be m(y). Calculate h(z).
2
Let z(f) be the first derivative of -f**3/3 + f**2/2 - 6*f + 160. Determine z(5).
-26
Let z(s) = 3*s + 8. Let u be (-567 + 12)*(2 + -3). Let l = u + -560. What is z(l)?
-7
Let w(q) = -q**2 + 1713*q + 8 - 573*q - 569*q - 577*q. Give w(-10).
-32
Suppose 16*q + 1 = 11*q - 2*r, 0 = 5*q + 5*r - 20. Let n(c) = 3*c**2 - 2*c - 12. Give n(q).
21
Let q(u) = u + 32. Let z be q(-31). Suppose -2*v = -v + 2*j + z, -v + 4*j + 29 = 0. Suppose 3 = -v*h + 3. Let a(n) = n**3 + n - 6. Determine a(h).
-6
Let n(i) = 13*i**2 - 2*i + 5. Let a(y) = -18*y**2 + 3*y - 7. Let t(l) = -5*a(l) - 7*n(l). Give t(1).
-2
Suppose 136*i - 1776 = -86*i. Let s(o) = -13 - 8*o + 2 - o**2 + 2*o**2. Determine s(i).
-11
Let g(i) = 29*i**3 - i**2 + 1. Let v = -2395 + 2396. Give g(v).
29
Let f(s) be the first derivative of s**4/4 - 5*s**3/3 + 3*s**2/2 - 2*s - 2620. Determine f(4).
-6
Let j(d) be the first derivative of 2*d**3/3 + 3*d**2/2 - d + 1148. Determine j(4).
43
Let a(m) = -2*m**3 - 2*m**2 + m + 1. Suppose 21 = 5*p + t, 4*t - 20 = 9*t. Suppose -16 = -3*q + 2*w, 2*q - p*w - 17 = 12. What is a(q)?
-21
Let b be ((-9)/18)/((-2)/24). Let j(u) = u + 31. Let a be j(b). Le